9
What are the prime factors of 396?
2, 3, 11
List the prime factors of 6698.
2, 17, 197
What are the prime factors of 48181?
7, 6883
List the prime factors of 13511.
59, 229
List the prime factors of 636.
2, 3, 53
What are the prime factors of 1386?
2, 3, 7, 11
What are the prime factors of 5856?
2, 3, 61
List the prime factors of 653.
653
What are the prime factors of 140490?
2, 3, 5, 7, 223
List the prime factors of 22907.
22907
What are the prime factors of 1267?
7, 181
List the prime factors of 2553.
3, 23, 37
List the prime factors of 11538.
2, 3, 641
What are the prime factors of 9284?
2, 11, 211
What are the prime factors of 1131?
3, 13, 29
List the prime factors of 6004.
2, 19, 79
What are the prime factors of 4846?
2, 2423
What are the prime factors of 607?
607
List the prime factors of 57351.
3, 7, 2731
What are the prime factors of 895?
5, 179
What are the prime factors of 56793?
3, 11, 1721
List the prime factors of 18205.
5, 11, 331
What are the prime factors of 12379?
12379
What are the prime factors of 484?
2, 11
What are the prime factors of 90234?
2, 3, 557
List the prime factors of 25427.
47, 541
List the prime factors of 95251.
13, 17, 431
List the prime factors of 2249.
13, 173
List the prime factors of 7899.
3, 2633
What are the prime factors of 34567?
13, 2659
What are the prime factors of 3332?
2, 7, 17
What are the prime factors of 83583?
3, 37, 251
List the prime factors of 20634.
2, 3, 19, 181
What are the prime factors of 6837?
3, 43, 53
List the prime factors of 42560.
2, 5, 7, 19
List the prime factors of 4487.
7, 641
What are the prime factors of 1747?
1747
List the prime factors of 24627.
3, 8209
What are the prime factors of 12051?
3, 13, 103
What are the prime factors of 10857?
3, 7, 11, 47
List the prime factors of 124536.
2, 3, 5189
List the prime factors of 1091.
1091
List the prime factors of 1229.
1229
List the prime factors of 2837.
2837
What are the prime factors of 652?
2, 163
List the prime factors of 709.
709
What are the prime factors of 29817?
3, 3313
What are the prime factors of 701?
701
What are the prime factors of 75?
3, 5
What are the prime factors of 115?
5, 23
List the prime factors of 2680.
2, 5, 67
What are the prime factors of 18579?
3, 11, 563
List the prime factors of 5697.
3, 211
List the prime factors of 11052.
2, 3, 307
What are the prime factors of 6360?
2, 3, 5, 53
What are the prime factors of 2015?
5, 13, 31
What are the prime factors of 675?
3, 5
List the prime factors of 68294.
2, 34147
What are the prime factors of 9817?
9817
List the prime factors of 6145.
5, 1229
What are the prime factors of 865?
5, 173
What are the prime factors of 19705?
5, 7, 563
List the prime factors of 1630.
2, 5, 163
List the prime factors of 2138.
2, 1069
What are the prime factors of 3080?
2, 5, 7, 11
What are the prime factors of 612?
2, 3, 17
List the prime factors of 74711.
7, 13, 821
What are the prime factors of 2352?
2, 3, 7
List the prime factors of 116773.
17, 6869
What are the prime factors of 2128?
2, 7, 19
What are the prime factors of 722?
2, 19
List the prime factors of 93671.
47, 1993
What are the prime factors of 1249?
1249
What are the prime factors of 14709?
3, 4903
List the prime factors of 1771.
7, 11, 23
List the prime factors of 311.
311
List the prime factors of 973.
7, 139
What are the prime factors of 4989?
3, 1663
What are the prime factors of 18135?
3, 5, 13, 31
What are the prime factors of 107596?
2, 37, 727
List the prime factors of 510.
2, 3, 5, 17
What are the prime factors of 614?
2, 307
List the prime factors of 55813.
55813
List the prime factors of 7.
7
What are the prime factors of 670?
2, 5, 67
List the prime factors of 335.
5, 67
What are the prime factors of 90816?
2, 3, 11, 43
What are the prime factors of 25610?
2, 5, 13, 197
What are the prime factors of 39930?
2, 3, 5, 11
List the prime factors of 19082.
2, 7, 29, 47
List the prime factors of 14696.
2, 11, 167
What are the prime factors of 12811?
23, 557
What are the prime factors of 8292?
2, 3, 691
What are the prime factors of 242?
2, 11
List the prime factors of 1569.
3, 523
List the prime factors of 10173.
3, 3391
What are the prime factors of 8698?
2, 4349
What are the prime factors of 16429?
7, 2347
What are the prime factors of 5593?
7, 17, 47
What are the prime factors of 3344?
2, 11, 19
List the prime factors of 3587.
17, 211
List the prime factors of 9118.
2, 47, 97
What are the prime factors of 56671?
56671
What are the prime factors of 20629?
7, 421
List the prime factors of 1178.
2, 19, 31
What are the prime factors of 8177?
13, 17, 37
What are the prime factors of 3984?
2, 3, 83
List the prime factors of 19107.
3, 11, 193
List the prime factors of 60040.
2, 5, 19, 79
List the prime factors of 601.
601
What are the prime factors of 1099?
7, 157
What are the prime factors of 7628?
2, 1907
What are the prime factors of 2045?
5, 409
What are the prime factors of 2515?
5, 503
List the prime factors of 13216.
2, 7, 59
What are the prime factors of 328?
2, 41
What are the prime factors of 13203?
3, 163
What are the prime factors of 1939?
7, 277
List the prime factors of 2882.
2, 11, 131
List the prime factors of 9382.
2, 4691
What are the prime factors of 6685?
5, 7, 191
List the prime factors of 6116.
2, 11, 139
List the prime factors of 94216.
2, 11777
What are the prime factors of 863?
863
List the prime factors of 61.
61
List the prime factors of 1152.
2, 3
List the prime factors of 23450.
2, 5, 7, 67
List the prime factors of 44315.
5, 8863
What are the prime factors of 12195?
3, 5, 271
What are the prime factors of 5465?
5, 1093
List the prime factors of 1150.
2, 5, 23
What are the prime factors of 83854?
2, 41927
List the prime factors of 2658.
2, 3, 443
What are the prime factors of 72?
2, 3
What are the prime factors of 4825?
5, 193
List the prime factors of 10102.
2, 5051
List the prime factors of 2001.
3, 23, 29
List the prime factors of 133049.
7, 83, 229
List the prime factors of 28419.
3, 9473
What are the prime factors of 659?
659
What are the prime factors of 2643?
3, 881
What are the prime factors of 2098?
2, 1049
List the prime factors of 95478.
2, 3, 15913
List the prime factors of 1337.
7, 191
What are the prime factors of 6561?
3
List the prime factors of 338.
2, 13
List the prime factors of 859.
859
List the prime factors of 8103.
3, 37, 73
What are the prime factors of 2935?
5, 587
List the prime factors of 11470.
2, 5, 31, 37
What are the prime factors of 31766?
2, 7, 2269
What are the prime factors of 43972?
2, 10993
List the prime factors of 209.
11, 19
What are the prime factors of 37793?
7, 5399
What are the prime factors of 37186?
2, 18593
What are the prime factors of 1923?
3, 641
List the prime factors of 2632.
2, 7, 47
List the prime factors of 99398.
2, 13, 3823
What are the prime factors of 4866?
2, 3, 811
What are the prime factors of 3415?
5, 683
List the prime factors of 880.
2, 5, 11
List the prime factors of 9514.
2, 67, 71
What are the prime factors of 277?
277
What are the prime factors of 1473?
3, 491
List the prime factors of 8757.
3, 7, 139
List the prime factors of 75891.
3, 41, 617
List the prime factors of 73367.
7, 47, 223
List the prime factors of 49242.
2, 3, 29, 283
What are the prime factors of 100767?
3, 33589
What are the prime factors of 3759?
3, 7, 179
List the prime factors of 3889.
3889
What are the prime factors of 55484?
2, 11, 13, 97
What are the prime factors of 4836?
2, 3, 13, 31
List the prime factors of 298.
2, 149
List the prime factors of 1689.
3, 563
What are the prime factors of 15998?
2, 19, 421
What are the prime factors of 738?
2, 3, 41
List the prime factors of 15067.
13, 19, 61
What are the prime factors of 679?
7, 97
List the prime factors of 47122.
2, 23561
List the prime factors of 3211.
13, 19
List the prime factors of 5331.
3, 1777
What are the prime factors of 1033?
1033
List the prime factors of 43354.
2, 53, 409
What are the prime factors of 77932?
2, 19483
List the prime factors of 9512.
2, 29, 41
List the prime factors of 10695.
3, 5, 23, 31
List the prime factors of 1528.
2, 191
List the prime factors of 447.
3, 149
List the prime factors of 111458.
2, 23, 2423
What are the prime factors of 9639?
3, 7, 17
List